 253094495 a composite number?
True
Is 19395379 a prime number?
True
Is 53608655 a composite number?
True
Is 7233893 composite?
False
Is 2255191 composite?
False
Is 82596509 a prime number?
False
Is 87375269 a prime number?
False
Is 26376113 a composite number?
False
Is 374521 composite?
True
Is 150458821 a prime number?
True
Is 111351959 a composite number?
False
Is 679093 composite?
True
Is 29095849 composite?
False
Is 40775741 a prime number?
False
Is 187297 a composite number?
True
Is 2797255 a composite number?
True
Is 85879819 composite?
False
Is 372797 composite?
False
Is 228791447 a composite number?
False
Is 6722393 prime?
True
Is 179975833 a composite number?
False
Is 2830309 a composite number?
True
Is 1189213 a composite number?
False
Is 21747629 a prime number?
False
Is 886843 a prime number?
False
Is 221477 a prime number?
True
Is 54677069 composite?
False
Is 1453069 a composite number?
True
Is 323201 a prime number?
True
Is 3761831 composite?
False
Is 179351 a composite number?
False
Is 673470019 composite?
False
Is 51460807 composite?
True
Is 11745767 prime?
False
Is 3251447 composite?
False
Is 21872723 a composite number?
False
Is 16532753 a composite number?
False
Is 6102479 a prime number?
True
Is 98387059 a composite number?
False
Is 10019407 a prime number?
True
Is 5708749 a prime number?
False
Is 1442453 prime?
True
Is 755483545 a composite number?
True
Is 355241 prime?
False
Is 308859 a composite number?
True
Is 729946253 a prime number?
True
Is 33620263 a composite number?
False
Is 26531309 prime?
False
Is 82741619 composite?
False
Is 18804341 a composite number?
False
Is 6373187 prime?
True
Is 17162147 prime?
True
Is 49417061 composite?
False
Is 7798177 a prime number?
False
Is 364531229 a composite number?
False
Is 1601203 a prime number?
True
Is 93937 a composite number?
False
Is 532663 prime?
True
Is 6517981 a prime number?
True
Is 30988219 a prime number?
True
Is 7793831 a composite number?
False
Is 599069 a composite number?
False
Is 1019387 composite?
True
Is 770351 prime?
False
Is 19684303 composite?
False
Is 34268239 prime?
True
Is 64866179 a composite number?
True
Is 22903729 a composite number?
False
Is 183662603 a composite number?
False
Is 2589085 composite?
True
Is 238359551 a composite number?
True
Is 30639359 composite?
True
Is 54148469 a composite number?
False
Is 3180893 composite?
False
Is 12246119 a prime number?
True
Is 101315179 a prime number?
False
Is 335770849 a prime number?
True
Is 1467383 prime?
False
Is 16855669 prime?
True
Is 4876511 a prime number?
True
Is 86303359 prime?
True
Is 28844021 prime?
True
Is 218357 prime?
True
Is 17527231 a prime number?
True
Is 405179 prime?
True
Is 3762349 a composite number?
False
Is 2804053 a prime number?
False
Is 125311191 a prime number?
False
Is 8559223 composite?
False
Is 3480403 a composite number?
False
Is 6928989 a composite number?
True
Is 1331987 composite?
False
Is 293436679 prime?
True
Is 235775441 a composite number?
True
Is 39777221 composite?
True
Is 8680963 prime?
False
Is 5798353 a prime number?
False
Is 36483179 prime?
True
Is 175022959 a prime number?
True
Is 4500581 prime?
True
Is 2813849 a composite number?
False
Is 97495801 a composite number?
True
Is 1409430047 prime?
True
Is 5968483 a composite number?
True
Is 9690991 composite?
True
Is 58587149 composite?
True
Is 68416013 a composite number?
False
Is 4735781 prime?
False
Is 700348157 a composite number?
True
Is 9186211 a prime number?
False
Is 342828485 a composite number?
True
Is 24244351 a prime number?
False
Is 204718541 a prime number?
False
Is 334648117 a composite number?
False
Is 3437101 a prime number?
True
Is 95699791 a prime number?
False
Is 12542623 prime?
False
Is 2201119 a prime number?
True
Is 513466685 composite?
True
Is 64882267 composite?
False
Is 524921 a composite number?
False
Is 3548299 composite?
False
Is 3859223 a prime number?
False
Is 430085 a prime number?
False
Is 189412207 prime?
False
Is 33618359 a composite number?
False
Is 5524399 a prime number?
True
Is 9225085 prime?
False
Is 611605 prime?
False
Is 537722 a prime number?
False
Is 5999397 prime?
False
Is 14772281 composite?
True
Is 15191817 a prime number?
False
Is 79533697 prime?
True
Is 1225219 a composite number?
False
Is 142329791 composite?
False
Is 928453 prime?
True
Is 61180363 a prime number?
True
Is 7948207 a prime number?
True
Is 48895397 composite?
True
Is 46923029 a composite number?
False
Is 627449 composite?
False
Is 12177589 a composite number?
True
Is 83406189 composite?
True
Is 7678013 prime?
False
Is 18943747 a composite number?
False
Is 2968841 prime?
True
Is 53138651 composite?
True
Is 257885 composite?
True
Is 303212939 a composite number?
False
Is 15792661 prime?
True
Is 10027819 a composite number?
False
Is 16404061 prime?
False
Is 10600273 prime?
False
Is 53679167 a prime number?
True
Is 1574323 composite?
True
Is 63288679 composite?
False
Is 2550409 composite?
True
Is 70192351 composite?
False
Is 10059089 composite?
False
Is 88145503 composite?
True
Is 3499721 prime?
True
Is 728659 a prime number?
True
Is 2355861 a composite number?
True
Is 84355393 composite?
False
Is 21887443 composite?
True
Is 888187 prime?
False
Is 37318427 composite?
False
Is 6269735 composite?
True
Is 122915677 composite?
False
Is 212137 composite?
True
Is 119301773 prime?
True
Is 1508849 a composite number?
True
Is 1595533 a composite number?
True
Is 698689627 a composite number?
False
Is 2225819 composite?
False
Is 6426817 prime?
False
Is 8385919 a prime number?
False
Is 3015283 a composite number?
False
Is 177460243 a prime number?
True
Is 32986339 a prime number?
False
Is 27493189 composite?
True
Is 16211577 a composite number?
True
Is 78305771 prime?
False
Is 2641009 prime?
False
Is 2503903 composite?
True
Is 185870989 a prime number?
False
Is 8161 a composite number?
False
Is 2914017 composite?
True
Is 13863907 composite?
False
Is 41557301 prime?
True
Is 94702747 prime?
True
Is 31852019 composite?
False
Is 1084001 prime?
True
Is 28073905 prime?
False
Is 3108269 a prime number?
True
Is 5665953 prime?
False
Is 6280427 a composite number?
True
Is 238959053 a prime number?
False
Is 76239431 prime?
False
Is 165713659 prime?
True
Is 10810951 prime?
True
Is 462968323 a prime number?
True
Is 3481547 a prime number?
False
Is 2562011 prime?
True
Is 1183591 a prime number?
False
Is 19348781 a composite number?
False
Is 2544889 composite?
True
Is 5334031 prime?
False
Is 3439993 a prime number?
False
Is 101921711 a prime number?
True
Is 1580897 composite?
False
Is 7214959 a composite number?
False
Is 916963469 composite?
False
Is 776809 composite?
True
Is 55784581 a composite number?
False
Is 23256239 a prime number?
False
Is 551562383 a prime number?
True
Is 70824857 composite?
False
Is 56764661 a prime number?
False
Is 377963 a composite number?
False
Is 4261963 prime?
True
Is 109797379 prime?
False
Is 759881 a prime number?
True
Is 80327059 a prime number?
True
Is 29421137 prime?
True
Is 1711991 a composite number?
True
Is 45827479 composite?
False
Is 52110085 a prime number?
False
Is 356441 a composite number?
False
Is 294639823 a prime number?
True
Is 9135077 a prime number?
False
Is 27665179 a prime number?
False
Is 188619043 composite?
True
Is 334318711 a composite number?
True
Is 2082377 a prime number?
False
Is 75445829 a prime number?
True
Is 671467 a composite number?
False
Is 16034693 a composite number?
False
Is 53583367 a prime number?
True
Is 4801033 a prime number?
True
Is 57021329 a composite number?
True
Is 28124167 prime?
True
Is 51392293 a prime number?
True
Is 288619963 a composite number?
False
Is 7991563 a prime number?
True
Is 340957 a composite number?
False
Is 17972741 a prime number?
True
Is 204747787 composite?
False
Is 472487 a prime number?
False
Is 13440277 a prime number?
False
Is 2468629 a composite number?
False
Is 341568067 a prime number?
True
Is 1908581 a prime number?
True
Is 33067687 a prime number?
False
Is 1371545857 a prime number?
False
Is 7904509 a prime number?
True
Is 371511389 a composite number?
True
Is 14501771 a composite number?
False
Is 168386831 a prime number?
False
Is 161874247 prime?
False
Is 358782019 a composite number?
False
Is 18378951 composite?
